**2 + 15*l - 12. Give h(14).
2
Let g(x) = x**2 - 2*x - 583. Give g(-23).
-8
Let u(w) = -7*w + 27. What is u(3)?
6
Let v(p) = p**2 - 9*p + 2. Give v(10).
12
Let o(l) = -l**3 - 11*l**2 - 12*l - 20. Calculate o(-10).
0
Let d(u) = -u**2 + 11*u - 15. What is d(10)?
-5
Let i(v) = 2*v**3 + 6*v**2 - 36*v - 4. What is i(-6)?
-4
Let g(a) = a**2 - 11*a - 14. Calculate g(14).
28
Let u(s) = s - 6. Give u(0).
-6
Let i(r) = r**2 + 16*r + 48. Determine i(-13).
9
Let q(c) = c**2 + 27*c - 2. Determine q(-9).
-164
Let y(d) = 5*d - 40. Calculate y(5).
-15
Let r(y) = -48*y**2 - 2*y + 2. Give r(1).
-48
Let z(a) = 17*a**2 + 83*a. What is z(-5)?
10
Let z(v) = -v + 4. Give z(8).
-4
Let r(w) = w**3 + 6*w**2 + 5*w. Give r(-4).
12
Let q(m) = m**2 + 11*m - 29. Give q(-13).
-3
Let r(b) = -b**2 - 7*b. What is r(-7)?
0
Let l(r) = -r**3 - 5*r**2 - 2*r + 5. Determine l(-4).
-3
Let w(x) = x - 13. What is w(9)?
-4
Let q(p) = -13*p + 1. Calculate q(4).
-51
Let c(m) = -m**2 + 23*m - 77. Calculate c(20).
-17
Let p(d) = -d**3 - 6*d**2 - 14*d - 36. Determine p(-5).
9
Let f(g) = -4*g + 2. Give f(-1).
6
Let f(h) = -h**2 + 12*h + 1. Determine f(11).
12
Let c(q) = -34*q - 3. What is c(-1)?
31
Let a(i) = -4*i**2 - 2*i + 5. What is a(-3)?
-25
Let k(o) = o - 21. Give k(15).
-6
Let n(g) = 2*g**2 - 17*g + 42. Calculate n(5).
7
Let i(h) = -h**2 + 12*h - 25. What is i(9)?
2
Let g(k) = -k**3 + 16*k**2 - 40*k - 4. Give g(13).
-17
Let r(w) = -w**2 + w + 2. Determine r(-2).
-4
Let z(y) = 11*y + 3. Give z(-6).
-63
Let n(f) = -f**3 + 13*f**2 - 14*f + 28. What is n(12)?
4
Let h(f) = 10*f**2 + 2*f - 9. Calculate h(3).
87
Let a(i) = i**3 + 17*i**2 + 10*i - 104. Calculate a(-16).
-8
Let v(w) = w**3 + 9*w**2 + 2*w + 1. Determine v(0).
1
Let y(b) = -11*b - 5. Calculate y(-5).
50
Let y(v) = -5*v - 42. Calculate y(-14).
28
Let y(k) = 2*k**3 + 5*k**2 - k. What is y(-3)?
-6
Let v(u) = -27*u**2 + 2*u - 1. Give v(1).
-26
Let o(b) = b**2 + 14*b - 8. What is o(-14)?
-8
Let c(q) = q - 7. Give c(-15).
-22
Let p(y) = -y**3 + 8*y**2 + 6*y + 139. What is p(10)?
-1
Let r(j) = -j**2 - 3*j + 1. Calculate r(2).
-9
Let n(k) = -k**3 + 7*k**2 + 3*k - 16. Determine n(7).
5
Let i(m) = -16*m - 10. What is i(5)?
-90
Let g(n) = -n**3 - 4*n**2 + 3*n + 9. Determine g(-3).
-9
Let m(j) = j**3 - 10*j**2 + 24*j + 12. Determine m(5).
7
Let h(k) = -105*k - 7. Give h(-1).
98
Let g(j) = -j**3 + 2*j**2 - j + 2. Calculate g(2).
0
Let c(n) = n**3 - 6*n**2 + 4*n - 31. Calculate c(6).
-7
Let q(k) = k**2 - 5*k - 7. Give q(-8).
97
Let p(t) = -53*t - 15. Give p(3).
-174
Let l(x) = x**3 + 25*x**2 + 3*x + 59. Give l(-25).
-16
Let q(o) = -9*o**3 - 4*o**2 - 3*o + 1. Determine q(-1).
9
Let t(f) = f**2 - 3*f + 2. Give t(7).
30
Let g(c) = 16*c - 4. Determine g(5).
76
Let p(n) = -4*n**2 + 3*n + 2. What is p(-2)?
-20
Let l(z) = z**2 + z - 12. Give l(4).
8
Let y(r) = -9*r - 32. Calculate y(-3).
-5
Let u(g) = 2*g - 2. Determine u(2).
2
Let i(v) = v**3 - 5*v**2 - v + 9. Calculate i(5).
4
Let z(k) = 22*k**2 - 3*k + 3. Determine z(2).
85
Let o(t) = t**2 - 8*t - 1. Calculate o(7).
-8
Let q(o) = o**2 + 24*o + 83. Determine q(-6).
-25
Let x(h) = -6*h**2 - 5*h - 3. Give x(-3).
-42
Let w(a) = -a**3 + 7*a**2 - 8*a + 1. Determine w(6).
-11
Let v(j) = 2*j**2 + 7*j + 8. Calculate v(-4).
12
Let g(h) = -5*h + 10. Give g(8).
-30
Let j(y) = -3*y**3 + 4*y**2 + y + 9. Determine j(2).
3
Let m(u) = u**3 - 5*u**2 + 8*u - 1. What is m(3)?
5
Let w(v) = 5*v**3 - 2*v**2 + 25*v + 28. Calculate w(-1).
-4
Let d(i) = 41*i + 9. What is d(-3)?
-114
Let b(n) = 2*n**2 + 19*n + 4. Calculate b(-9).
-5
Let h(x) = -x**3 + x**2 - 3*x - 1. Determine h(2).
-11
Let y(j) = -94*j + 12. Determine y(0).
12
Let b(a) = 3*a + 35. What is b(-14)?
-7
Let w(g) = -g**2 - 11*g + 1. Determine w(-12).
-11
Let c(n) = n**3 - 5*n**2 - 2*n + 11. What is c(6)?
35
Let c(x) = -x**3 + 5*x**2 + 5*x + 3. Give c(6).
-3
Let m(r) = 2*r**3 - 8*r**2 + 4*r - 13. Give m(5).
57
Let q(f) = f**3 + 19*f**2 + 2*f + 40. Calculate q(-19).
2
Let g(o) = -o**2 - 17*o - 32. Give g(-2).
-2
Let p(q) = 5*q + 177. What is p(-32)?
17
Let h(k) = -k**2 + k + 78. Determine h(-8).
6
Let z(q) = -37*q - 1780. Calculate z(-48).
-4
Let c(i) = i**2 - 5*i - 24. Calculate c(8).
0
Let q(h) = h**2 + 26*h + 94. Give q(-27).
121
Let l(x) = -6*x**2 + 8*x - 30. Calculate l(3).
-60
Let s(j) = 3*j. What is s(-1)?
-3
Let d(t) = t**3 + 6*t**2 - 5*t - 6. Determine d(-6).
24
Let x(v) = v**2 + 13*v + 37. Calculate x(-6).
-5
Let g(o) = -12*o + 31. Give g(5).
-29
Let i(a) = -a**2 + 3*a + 3. Determine i(10).
-67
Let n(f) = -15*f - 26. Determine n(-4).
34
Let u(z) = 51*z**2 + 3. What is u(1)?
54
Let i(m) = -m**3 - 7*m**2 - 3*m + 4. Determine i(-5).
-31
Let o(k) = k**3 + 8*k**2 - 4*k - 18. Determine o(-8).
14
Let s(f) = -f - 2. Determine s(-3).
1
Let v(k) = -10*k - 107. Give v(-10).
-7
Let p(g) = -g**2 - 8*g + 14. Determine p(-12).
-34
Let g(d) = 5*d - 3. What is g(-2)?
-13
Let w(h) = h**3 + 4*h**2 - 2*h - 2. Give w(-4).
6
Let a(v) = 18*v + 35. Give a(-2).
-1
Let h(k) = 16*k - 449. Determine h(29).
15
Let w(k) = 2*k + 16. Give w(0).
16
Let h(u) = u**3 - 9*u**2 - 20. Calculate h(9).
-20
Let z(j) = -17*j - 210. Calculate z(-12).
-6
Let b(y) = -2*y**2 + 32*y - 122. Give b(6).
-2
Let s(z) = z**2 - 29*z + 46. What is s(27)?
-8
Let q(o) = o**2 - 7*o + 2. Determine q(10).
32
Let x(j) = 3*j - 55. What is x(14)?
-13
Let n(t) = -t**2 + 12*t + 59. Calculate n(17).
-26
Let m(v) = -6*v + 49. What is m(7)?
7
Let q(w) = w**2 + 2*w + 7. Give q(0).
7
Let m(j) = -4*j**2 - 4*j - 3. Calculate m(-2).
-11
Let u(q) = -25*q - 1. What is u(-1)?
24
Let u(g) = g**3 + 5*g**2 - g + 21. Give u(-6).
-9
Let o(f) = f**2 + 37*f - 307. Give o(-44).
1
Let j(p) = 21*p - 138. What is j(6)?
-12
Let q(b) = 2*b**2 - 8*b - 5. Give q(6).
19
Let y(m) = m**3 + 8*m**2 - 9*m - 2. Give y(-9).
-2
Let z(g) = g**2 - g. Determine z(-3).
12
Let b(k) = k**3 - 4*k**2 - 9*k + 12. What is b(5)?
-8
Let f(c) = -c**2 + 8*c - 8. Calculate f(6).
4
Let t(b) = b + 11. What is t(8)?
19
Let h(i) = -i**3 + 13*i**2 + i - 10. Calculate h(13).
3
Let w(r) = -7*r + 5. Give w(-1).
12
Let w(y) = -y**3 + 14*y**2 - 12*y - 22. Give w(13).
-9
Let c(k) = -k**2 + 8*k - 8. Determine c(4).
8
Let m(l) = 7*l**3 + 1. What is m(-1)?
-6
Let v(g) = 2*g + 3. What is v(7)?
17
Let l(p) = -5*p**2 + 3*p + 13. Give l(-5).
-127
Let o(l) = -l**3 + 12*l + 20. Calculate o(-2).
4
Let t(n) = -n + 19. Give t(0).
19
Let f(x) = -x**2 + 11*x + 63. What is f(-4)?
3
Let m(t) = -7*t**2 - 5*t + 3. What is m(1)?
-9
Let z(m) = -m**2 - 17*m + 32. Give z(-19).
-6
Let l(y) = y**2 + 15*y + 1. Give l(-14).
-13
Let c(a) = -a**3 + 7*a**2 + 4*a - 5. Give c(7).
23
Let n(x) = 17*x + 2. Give n(-3).
-49
Let c(r) = -r**2 - 37*r - 149. Calculate c(-31).
37
Let g(i) = -2*i**2 - 18*i + 18. Give g(-10).
-2
Let j(x) = -x**2 + 9*x - 1. Determine j(10).
-11
Let w(f) = f**3 + 4*f**2 + 3*f + 3. What is w(-3)?
3
Let p(a) = -a**3 + 3*a**2 + 13*a - 50. Determine p(3).
-11
Let n(v) = v**3 + 6*v**2 - 8*v - 7. Give n(-7).
0
Let h(v) = -v**2 - 28*v + 105. Calculate h(-31).
12
Let s(m) = m - 23. What is s(29)?
6
Let t(r) = r**3 - 12*r**2 + 14*r + 1. Calculate t(11).
34
Let s(a) = 19*a - 2. Give s(-5).
-97
Let p(x) = 2*x**2 - 21*x + 12. Give p(11).
23
Let m(l) = l**3 + 10*l**2 - l + 11. Calculate m(-10).
21
Let r(x) = 5*x**3 - x**2 - x - 1. Calculate r(-1).
-6
Let d(b) = -3*b**2 + b + 11. What is d(7)?
-129
Let c(n) = 3*n + 14. What is c(6)?
32
Let n(g) = g**3 - 8*g**2 - 3*g + 20. What is n(8)?
-4
Let z(n) = 2*n**3 + 12*n**2 + 13*n + 5. Calculate z(-5).
-10
Let f(p) = -p**2 + 29*p - 96. What is f(25)?
4
Let v(o) = -o**3 + 22*o**2 - 3*o + 63. What is v(22)?
-3
Let z(o) = o**2 + 3*o - 5. Calculate z(-4).
-1
Let c(n) = -7*n**3 + 6*n - 6. Determine c(1).
-7
Let g(q) = -q**2 - 8*q + 1. What is g(-9)?
-8
Let h(u) = -u**3 + 4*u**2 + 11*u - 16. Give h(6).
-22
Let h(r) = -r**3 - 15*r**2 - 16*r - 25. What is h(-14)?
3
Let a(s) = s + 14. Determine a(-10).
4
Let u(m) = -m**3 + 18*m**2 - 66*m - 7. What is u(13)?
-20
Let z(s) = 10*s - 57. Calculate z(5).
-7
Let h(g) = -3*g. Determine h(-6).
18
Let b(g) = -g**2 - 67*g - 812. Give b(-16).
4
Let q(y) = -9*y**2 + 177*y + 52. Give q(20).
-8
Let n(m) = -m**2 - 17*m - 46. Give n(-14).
-4
Let v(b) = b**2 - b + 3. Give v(4).
15
Let n(p) = -p**2 - 3*p + 4. Give n(-4).
0
Let m(x) =